{"id":1753,"date":"2025-07-31T11:44:34","date_gmt":"2025-07-31T09:44:34","guid":{"rendered":"https:\/\/ecrevisse-wissembourg.com\/?page_id=1753"},"modified":"2025-08-25T17:51:00","modified_gmt":"2025-08-25T15:51:00","slug":"datenschutzerklarung","status":"publish","type":"page","link":"https:\/\/ecrevisse-wissembourg.com\/index.php\/de\/datenschutzerklarung\/","title":{"rendered":"Datenschutzerkl\u00e4rung"},"content":{"rendered":"\t\t<div data-elementor-type=\"wp-page\" data-elementor-id=\"1753\" class=\"elementor elementor-1753\" data-elementor-post-type=\"page\">\n\t\t\t\t<div class=\"elementor-element elementor-element-1dc5a89 e-con-full e-flex e-con e-parent\" data-id=\"1dc5a89\" data-element_type=\"container\" data-e-type=\"container\" data-settings=\"{&quot;background_background&quot;:&quot;classic&quot;}\">\n\t\t\t\t<div class=\"elementor-element elementor-element-2a36ac7 elementor-widget elementor-widget-heading\" data-id=\"2a36ac7\" data-element_type=\"widget\" data-e-type=\"widget\" data-widget_type=\"heading.default\">\n\t\t\t\t<div class=\"elementor-widget-container\">\n\t\t\t\t\t<h1 class=\"elementor-heading-title elementor-size-default\">Datenschutzerkl\u00e4rung<\/h1>\t\t\t\t<\/div>\n\t\t\t\t<\/div>\n\t\t\t\t<\/div>\n\t\t<div class=\"elementor-element elementor-element-e663308 e-flex e-con-boxed e-con e-parent\" data-id=\"e663308\" data-element_type=\"container\" data-e-type=\"container\">\n\t\t\t\t\t<div class=\"e-con-inner\">\n\t\t<div class=\"elementor-element elementor-element-672d558 e-con-full e-flex e-con e-child\" data-id=\"672d558\" data-element_type=\"container\" data-e-type=\"container\">\n\t\t\t\t<div class=\"elementor-element elementor-element-7b46c19 elementor-widget elementor-widget-heading\" data-id=\"7b46c19\" data-element_type=\"widget\" data-e-type=\"widget\" data-widget_type=\"heading.default\">\n\t\t\t\t<div class=\"elementor-widget-container\">\n\t\t\t\t\t<h3 class=\"elementor-heading-title elementor-size-default\">1. Einleitung\n<\/h3>\t\t\t\t<\/div>\n\t\t\t\t<\/div>\n\t\t\t\t<div class=\"elementor-element elementor-element-6f7617d elementor-widget elementor-widget-text-editor\" data-id=\"6f7617d\" data-element_type=\"widget\" data-e-type=\"widget\" data-widget_type=\"text-editor.default\">\n\t\t\t\t<div class=\"elementor-widget-container\">\n\t\t\t\t\t\t\t\t\t<p><\/p>\n<p data-start=\"238\" data-end=\"587\"><br><\/p><p data-start=\"238\" data-end=\"587\">Das Unternehmen \u00c9crevisse legt gro\u00dfen Wert auf den Schutz der Privatsph\u00e4re seiner Kunden und Besucher. Diese Datenschutzerkl\u00e4rung soll Sie klar dar\u00fcber informieren, wie Ihre personenbezogenen Daten erfasst, verwendet, gespeichert und gesch\u00fctzt werden, wenn Sie unsere Website besuchen oder mit unseren Diensten interagieren.<\/p>\t\t\t\t\t\t\t\t<\/div>\n\t\t\t\t<\/div>\n\t\t\t\t<\/div>\n\t\t<div class=\"elementor-element elementor-element-83410e9 e-con-full e-flex e-con e-child\" data-id=\"83410e9\" data-element_type=\"container\" data-e-type=\"container\">\n\t\t\t\t<div class=\"elementor-element elementor-element-8820e35 elementor-widget elementor-widget-heading\" data-id=\"8820e35\" data-element_type=\"widget\" data-e-type=\"widget\" data-widget_type=\"heading.default\">\n\t\t\t\t<div class=\"elementor-widget-container\">\n\t\t\t\t\t<h3 class=\"elementor-heading-title elementor-size-default\">2. Identit\u00e4t des Verantwortlichen<\/h3>\t\t\t\t<\/div>\n\t\t\t\t<\/div>\n\t\t\t\t<div class=\"elementor-element elementor-element-d5c2a1b elementor-widget elementor-widget-text-editor\" data-id=\"d5c2a1b\" data-element_type=\"widget\" data-e-type=\"widget\" data-widget_type=\"text-editor.default\">\n\t\t\t\t<div class=\"elementor-widget-container\">\n\t\t\t\t\t\t\t\t\t<p>\u00a0<\/p><p>Die personenbezogenen Daten werden von der Einrichtung \u00c9crevisse mit Sitz in 8 rue des Cordonniers, 67510 Wissembourg, Frankreich, verarbeitet. Bei Fragen zu Ihren Daten k\u00f6nnen Sie uns unter folgender Adresse kontaktieren: contact@ecrevisse-wissembourg.com.<\/p>\t\t\t\t\t\t\t\t<\/div>\n\t\t\t\t<\/div>\n\t\t\t\t<\/div>\n\t\t<div class=\"elementor-element elementor-element-95c921e e-con-full e-flex e-con e-child\" data-id=\"95c921e\" data-element_type=\"container\" data-e-type=\"container\">\n\t\t\t\t<div class=\"elementor-element elementor-element-439f58c elementor-widget elementor-widget-heading\" data-id=\"439f58c\" data-element_type=\"widget\" data-e-type=\"widget\" data-widget_type=\"heading.default\">\n\t\t\t\t<div class=\"elementor-widget-container\">\n\t\t\t\t\t<h3 class=\"elementor-heading-title elementor-size-default\">3. Erfasste Daten\n<\/h3>\t\t\t\t<\/div>\n\t\t\t\t<\/div>\n\t\t\t\t<div class=\"elementor-element elementor-element-033e65a elementor-widget elementor-widget-text-editor\" data-id=\"033e65a\" data-element_type=\"widget\" data-e-type=\"widget\" data-widget_type=\"text-editor.default\">\n\t\t\t\t<div class=\"elementor-widget-container\">\n\t\t\t\t\t\t\t\t\t<p>\u00a0<\/p><p>Wenn Sie unsere Website nutzen, k\u00f6nnen Sie uns bestimmte personenbezogene Daten wie Ihren Namen, Ihre E-Mail-Adresse, Ihre Telefonnummer oder Daten zu Ihrem Aufenthalt (Buchungsdaten, Pr\u00e4ferenzen usw.) zur Verf\u00fcgung stellen.<\/p><p><br \/>Wir erfassen auch technische Daten wie Ihre IP-Adresse, den verwendeten Browsertyp oder die aufgerufenen Seiten, insbesondere durch Cookies.<\/p>\t\t\t\t\t\t\t\t<\/div>\n\t\t\t\t<\/div>\n\t\t\t\t<\/div>\n\t\t<div class=\"elementor-element elementor-element-623c39c e-con-full e-flex e-con e-child\" data-id=\"623c39c\" data-element_type=\"container\" data-e-type=\"container\">\n\t\t\t\t<div class=\"elementor-element elementor-element-cd5a965 elementor-widget elementor-widget-heading\" data-id=\"cd5a965\" data-element_type=\"widget\" data-e-type=\"widget\" data-widget_type=\"heading.default\">\n\t\t\t\t<div class=\"elementor-widget-container\">\n\t\t\t\t\t<h3 class=\"elementor-heading-title elementor-size-default\">4. Zweck und Rechtsgrundlage der Verarbeitung<\/h3>\t\t\t\t<\/div>\n\t\t\t\t<\/div>\n\t\t\t\t<div class=\"elementor-element elementor-element-fd71aea elementor-widget elementor-widget-text-editor\" data-id=\"fd71aea\" data-element_type=\"widget\" data-e-type=\"widget\" data-widget_type=\"text-editor.default\">\n\t\t\t\t<div class=\"elementor-widget-container\">\n\t\t\t\t\t\t\t\t\t<p data-start=\"982\" data-end=\"1149\">\u00a0<\/p><p data-start=\"982\" data-end=\"1149\">Die erhobenen Daten erm\u00f6glichen es uns in erster Linie, Ihre Kontaktanfragen zu beantworten, Ihre Buchungen zu verwalten und Ihnen w\u00e4hrend Ihres Aufenthalts einen hochwertigen Service zu bieten. Sie k\u00f6nnen auch f\u00fcr kommerzielle Kommunikationszwecke (mit Ihrer Zustimmung) und f\u00fcr statistische Analysen zur Verbesserung der Navigation auf unserer Website verwendet werden.<\/p><p data-start=\"982\" data-end=\"1149\"><br \/>Diese Verarbeitungen beruhen entweder auf Ihrer Einwilligung, auf der Notwendigkeit der Vertragserf\u00fcllung, auf unseren gesetzlichen Verpflichtungen oder auf unserem berechtigten Interesse an der Verbesserung unserer Dienstleistungen.<\/p>\t\t\t\t\t\t\t\t<\/div>\n\t\t\t\t<\/div>\n\t\t\t\t<\/div>\n\t\t<div class=\"elementor-element elementor-element-ca2f6aa e-con-full e-flex e-con e-child\" data-id=\"ca2f6aa\" data-element_type=\"container\" data-e-type=\"container\">\n\t\t\t\t<div class=\"elementor-element elementor-element-789079a elementor-widget elementor-widget-heading\" data-id=\"789079a\" data-element_type=\"widget\" data-e-type=\"widget\" data-widget_type=\"heading.default\">\n\t\t\t\t<div class=\"elementor-widget-container\">\n\t\t\t\t\t<h3 class=\"elementor-heading-title elementor-size-default\">5. Aufbewahrungsdauer\n<\/h3>\t\t\t\t<\/div>\n\t\t\t\t<\/div>\n\t\t\t\t<div class=\"elementor-element elementor-element-01ad5b6 elementor-widget elementor-widget-text-editor\" data-id=\"01ad5b6\" data-element_type=\"widget\" data-e-type=\"widget\" data-widget_type=\"text-editor.default\">\n\t\t\t\t<div class=\"elementor-widget-container\">\n\t\t\t\t\t\t\t\t\t<p data-start=\"1765\" data-end=\"1799\">\u00a0<\/p><p data-start=\"2051\" data-end=\"2427\">Die von Ihnen \u00fcbermittelten Daten werden f\u00fcr einen ihrer Zweck entsprechenden Zeitraum gespeichert. Beispielsweise werden Daten aus Kontaktformularen bis zu einem Jahr nach unserem letzten Kontakt gespeichert. Daten im Zusammenhang mit einer Buchung k\u00f6nnen bis zu drei Jahre nach Ihrem Aufenthalt gespeichert werden, Rechnungsdaten f\u00fcr die gesetzlich vorgeschriebene Dauer von zehn Jahren.<\/p>\t\t\t\t\t\t\t\t<\/div>\n\t\t\t\t<\/div>\n\t\t\t\t<div class=\"elementor-element elementor-element-994c719 elementor-widget elementor-widget-heading\" data-id=\"994c719\" data-element_type=\"widget\" data-e-type=\"widget\" data-widget_type=\"heading.default\">\n\t\t\t\t<div class=\"elementor-widget-container\">\n\t\t\t\t\t<h3 class=\"elementor-heading-title elementor-size-default\">6. Zugriff auf die Daten<\/h3>\t\t\t\t<\/div>\n\t\t\t\t<\/div>\n\t\t\t\t<div class=\"elementor-element elementor-element-3248210 elementor-widget elementor-widget-text-editor\" data-id=\"3248210\" data-element_type=\"widget\" data-e-type=\"widget\" data-widget_type=\"text-editor.default\">\n\t\t\t\t<div class=\"elementor-widget-container\">\n\t\t\t\t\t\t\t\t\t<p data-start=\"1765\" data-end=\"1799\">\u00a0<\/p><p>Der Zugriff auf Ihre personenbezogenen Daten ist streng auf die autorisierten Personen in unserem Unternehmen und unsere technischen Dienstleister (Hosting, Buchungstools, E-Mail-Versand) beschr\u00e4nkt, die alle zur Vertraulichkeit verpflichtet sind. Es werden keine Daten an unbefugte Dritte verkauft oder weitergegeben.<\/p><p>\u00a0<\/p><p>Im Falle einer gesetzlichen Verpflichtung k\u00f6nnen bestimmte Informationen an die zust\u00e4ndigen Beh\u00f6rden weitergegeben werden.<\/p>\t\t\t\t\t\t\t\t<\/div>\n\t\t\t\t<\/div>\n\t\t\t\t<div class=\"elementor-element elementor-element-41839b8 elementor-widget elementor-widget-heading\" data-id=\"41839b8\" data-element_type=\"widget\" data-e-type=\"widget\" data-widget_type=\"heading.default\">\n\t\t\t\t<div class=\"elementor-widget-container\">\n\t\t\t\t\t<h3 class=\"elementor-heading-title elementor-size-default\">7. Sicherheit\n<\/h3>\t\t\t\t<\/div>\n\t\t\t\t<\/div>\n\t\t\t\t<div class=\"elementor-element elementor-element-d7ba352 elementor-widget elementor-widget-text-editor\" data-id=\"d7ba352\" data-element_type=\"widget\" data-e-type=\"widget\" data-widget_type=\"text-editor.default\">\n\t\t\t\t<div class=\"elementor-widget-container\">\n\t\t\t\t\t\t\t\t\t<p data-start=\"1765\" data-end=\"1799\">\u00a0<\/p><p>Wir treffen alle notwendigen technischen und organisatorischen Vorkehrungen, um die Vertraulichkeit, Integrit\u00e4t und Verf\u00fcgbarkeit Ihrer personenbezogenen Daten zu gew\u00e4hrleisten. Es werden Sicherheitsma\u00dfnahmen getroffen, um unbefugten Zugriff, Verlust oder Weitergabe zu verhindern.<\/p><p>\u00a0<\/p><p>Im Falle einer gesetzlichen Verpflichtung k\u00f6nnen bestimmte Informationen an die zust\u00e4ndigen Beh\u00f6rden weitergegeben werden.<\/p>\t\t\t\t\t\t\t\t<\/div>\n\t\t\t\t<\/div>\n\t\t\t\t<div class=\"elementor-element elementor-element-d838857 elementor-widget elementor-widget-heading\" data-id=\"d838857\" data-element_type=\"widget\" data-e-type=\"widget\" data-widget_type=\"heading.default\">\n\t\t\t\t<div class=\"elementor-widget-container\">\n\t\t\t\t\t<h3 class=\"elementor-heading-title elementor-size-default\">8. Ihre Rechte<\/h3>\t\t\t\t<\/div>\n\t\t\t\t<\/div>\n\t\t\t\t<div class=\"elementor-element elementor-element-97e381e elementor-widget elementor-widget-text-editor\" data-id=\"97e381e\" data-element_type=\"widget\" data-e-type=\"widget\" data-widget_type=\"text-editor.default\">\n\t\t\t\t<div class=\"elementor-widget-container\">\n\t\t\t\t\t\t\t\t\t<p data-start=\"1765\" data-end=\"1799\">\u00a0<\/p><p>Gem\u00e4\u00df der Datenschutz-Grundverordnung (DSGVO) haben Sie das Recht auf Zugang, Berichtigung, L\u00f6schung, Einschr\u00e4nkung der Verarbeitung, \u00dcbertragbarkeit Ihrer Daten sowie ein Widerspruchsrecht.<\/p><p>Sie k\u00f6nnen diese Rechte jederzeit aus\u00fcben, indem Sie uns unter contact@ecrevisse-wissembourg.com schreiben. Wenn Sie der Meinung sind, dass Ihre Rechte nicht gewahrt werden, k\u00f6nnen Sie auch eine Beschwerde bei der CNIL (www.cnil.fr) einreichen.<\/p>\t\t\t\t\t\t\t\t<\/div>\n\t\t\t\t<\/div>\n\t\t\t\t<div class=\"elementor-element elementor-element-b2ce5c6 elementor-widget elementor-widget-heading\" data-id=\"b2ce5c6\" data-element_type=\"widget\" data-e-type=\"widget\" data-widget_type=\"heading.default\">\n\t\t\t\t<div class=\"elementor-widget-container\">\n\t\t\t\t\t<h3 class=\"elementor-heading-title elementor-size-default\">9. Cookies\n\n<\/h3>\t\t\t\t<\/div>\n\t\t\t\t<\/div>\n\t\t\t\t<div class=\"elementor-element elementor-element-6ad0c71 elementor-widget elementor-widget-text-editor\" data-id=\"6ad0c71\" data-element_type=\"widget\" data-e-type=\"widget\" data-widget_type=\"text-editor.default\">\n\t\t\t\t<div class=\"elementor-widget-container\">\n\t\t\t\t\t\t\t\t\t<p data-start=\"1765\" data-end=\"1799\">\u00a0<\/p><p>Wenn Sie unsere Website besuchen, k\u00f6nnen Dateien, sogenannte \u201eCookies\u201d, auf Ihrem Ger\u00e4t (Computer, Smartphone, Tablet) gespeichert werden. Ein Cookie ist eine kleine Textdatei, mit der Informationen \u00fcber Ihre Navigation gesammelt werden, um Ihre Benutzererfahrung zu verbessern, die Besucherzahlen zu messen oder bestimmte Funktionen der Website zu aktivieren.<\/p><p>Wir verwenden verschiedene Arten von Cookies:<\/p><p>\u00a0<\/p><ul><li><b>Unbedingt erforderliche Cookies<\/b>: Diese sind f\u00fcr das reibungslose Funktionieren der Website unerl\u00e4sslich (z. B. Sitzungsmanagement, Sicherheit, responsive Anzeige).<\/li><li><b>Leistungs- und Statistik-Cookies<\/b>: Diese werden anonym verwendet, um zu verstehen, wie Besucher mit der Website interagieren (z. B. besuchte Seiten, Dauer der Navigation), insbesondere \u00fcber Tools wie Google Analytics.<\/li>Funktionale Cookies: Diese erm\u00f6glichen es, Ihre Pr\u00e4ferenzen (Sprache, Anzeigeeinstellungen usw.) zu speichern.<li><b>Cookies von Drittanbietern<\/b>: Diese werden von externen Diensten gesetzt, die in die Website integriert sind (z. B. YouTube-Videoplayer, Google Maps-Karten, Buchungstools usw.).<\/li><\/ul><p>\u00a0<\/p><p>Bei Ihrem ersten Besuch auf unserer Website wird ein <b>Informationsbanner<\/b> angezeigt, um Ihre Zustimmung einzuholen, bevor nicht unbedingt erforderliche Cookies gesetzt werden. Sie haben die M\u00f6glichkeit:<\/p><p>\u00a0<\/p><ul><li><b>alle<\/b> Cookies zu akzeptieren,<\/li><li><b>alle<\/b> nicht unbedingt erforderlichen Cookies abzulehnen oder<\/li><li>Ihre Auswahl entsprechend den Cookie-Kategorien <b>anzupassen<\/b>.<\/li><\/ul><p>\u00a0<\/p><p>Ohne Ihre ausdr\u00fcckliche Zustimmung werden keine nicht unbedingt erforderlichen Cookies aktiviert.<\/p><p>\u00a0<\/p><p>Sie k\u00f6nnen Ihre Einwilligung jederzeit \u00fcber die Schaltfl\u00e4che \u201eCookies verwalten\u201d unten auf jeder Seite oder \u00fcber die Einstellungen Ihres Browsers \u00e4ndern oder widerrufen.<\/p><p>\u00a0<\/p><p>Cookies werden maximal 13 Monate nach ihrer Speicherung aufbewahrt. Nach Ablauf dieser Frist werden Sie erneut um Ihre Zustimmung gebeten.<\/p>\t\t\t\t\t\t\t\t<\/div>\n\t\t\t\t<\/div>\n\t\t\t\t<div class=\"elementor-element elementor-element-09b1142 elementor-widget elementor-widget-heading\" data-id=\"09b1142\" data-element_type=\"widget\" data-e-type=\"widget\" data-widget_type=\"heading.default\">\n\t\t\t\t<div class=\"elementor-widget-container\">\n\t\t\t\t\t<h3 class=\"elementor-heading-title elementor-size-default\">10. Aktualisierung\n\n<\/h3>\t\t\t\t<\/div>\n\t\t\t\t<\/div>\n\t\t\t\t<div class=\"elementor-element elementor-element-f2a09b6 elementor-widget elementor-widget-text-editor\" data-id=\"f2a09b6\" data-element_type=\"widget\" data-e-type=\"widget\" data-widget_type=\"text-editor.default\">\n\t\t\t\t<div class=\"elementor-widget-container\">\n\t\t\t\t\t\t\t\t\t<p data-start=\"1765\" data-end=\"1799\">\u00a0<\/p><p data-start=\"2037\" data-end=\"2183\">Diese Datenschutzerkl\u00e4rung kann jederzeit ge\u00e4ndert werden, um sie an gesetzliche oder technische \u00c4nderungen anzupassen. Die jeweils g\u00fcltige Fassung ist die auf dieser Seite ver\u00f6ffentlichte.<\/p><p data-start=\"2037\" data-end=\"2183\"><br \/>Letzte Aktualisierung: 23. Juli 2025<\/p>\t\t\t\t\t\t\t\t<\/div>\n\t\t\t\t<\/div>\n\t\t\t\t<\/div>\n\t\t\t\t\t<\/div>\n\t\t\t\t<\/div>\n\t\t<div class=\"elementor-element elementor-element-b3a3f70 e-con-full e-flex e-con e-child\" data-id=\"b3a3f70\" data-element_type=\"container\" data-e-type=\"container\">\n\t\t\t\t<\/div>\n\t\t\t\t<\/div>\n\t\t","protected":false},"excerpt":{"rendered":"<p>Datenschutzerkl\u00e4rung 1. Einleitung Das Unternehmen \u00c9crevisse legt gro\u00dfen Wert auf den Schutz der Privatsph\u00e4re seiner Kunden und Besucher. Diese Datenschutzerkl\u00e4rung soll Sie klar dar\u00fcber informieren, wie Ihre personenbezogenen Daten erfasst, verwendet, gespeichert und gesch\u00fctzt werden, wenn Sie unsere Website besuchen oder mit unseren Diensten interagieren. 2. Identit\u00e4t des Verantwortlichen \u00a0 Die personenbezogenen Daten werden von [&hellip;]<\/p>\n","protected":false},"author":1,"featured_media":0,"parent":0,"menu_order":0,"comment_status":"closed","ping_status":"closed","template":"elementor_header_footer","meta":{"tpgb_global_settings":"","footnotes":""},"class_list":["post-1753","page","type-page","status-publish","hentry"],"yoast_head":"<!-- This site is optimized with the Yoast SEO plugin v27.3 - https:\/\/yoast.com\/product\/yoast-seo-wordpress\/ -->\n<title>Datenschutzerkl\u00e4rung - L&#039;\u00c9crevisse<\/title>\n<meta name=\"robots\" content=\"index, follow, max-snippet:-1, max-image-preview:large, max-video-preview:-1\" \/>\n<link rel=\"canonical\" href=\"https:\/\/ecrevisse-wissembourg.com\/index.php\/de\/datenschutzerklarung\/\" \/>\n<meta property=\"og:locale\" content=\"fr_FR\" \/>\n<meta property=\"og:type\" content=\"article\" \/>\n<meta property=\"og:title\" content=\"Datenschutzerkl\u00e4rung - L&#039;\u00c9crevisse\" \/>\n<meta property=\"og:description\" content=\"Datenschutzerkl\u00e4rung 1. Einleitung Das Unternehmen \u00c9crevisse legt gro\u00dfen Wert auf den Schutz der Privatsph\u00e4re seiner Kunden und Besucher. Diese Datenschutzerkl\u00e4rung soll Sie klar dar\u00fcber informieren, wie Ihre personenbezogenen Daten erfasst, verwendet, gespeichert und gesch\u00fctzt werden, wenn Sie unsere Website besuchen oder mit unseren Diensten interagieren. 2. Identit\u00e4t des Verantwortlichen \u00a0 Die personenbezogenen Daten werden von [&hellip;]\" \/>\n<meta property=\"og:url\" content=\"https:\/\/ecrevisse-wissembourg.com\/index.php\/de\/datenschutzerklarung\/\" \/>\n<meta property=\"og:site_name\" content=\"L&#039;\u00c9crevisse\" \/>\n<meta property=\"article:modified_time\" content=\"2025-08-25T15:51:00+00:00\" \/>\n<meta name=\"twitter:card\" content=\"summary_large_image\" \/>\n<meta name=\"twitter:label1\" content=\"Dur\u00e9e de lecture estim\u00e9e\" \/>\n\t<meta name=\"twitter:data1\" content=\"4 minutes\" \/>\n<script type=\"application\/ld+json\" class=\"yoast-schema-graph\">{\"@context\":\"https:\\\/\\\/schema.org\",\"@graph\":[{\"@type\":\"WebPage\",\"@id\":\"https:\\\/\\\/ecrevisse-wissembourg.com\\\/index.php\\\/de\\\/datenschutzerklarung\\\/\",\"url\":\"https:\\\/\\\/ecrevisse-wissembourg.com\\\/index.php\\\/de\\\/datenschutzerklarung\\\/\",\"name\":\"Datenschutzerkl\u00e4rung - L&#039;\u00c9crevisse\",\"isPartOf\":{\"@id\":\"https:\\\/\\\/ecrevisse-wissembourg.com\\\/#website\"},\"datePublished\":\"2025-07-31T09:44:34+00:00\",\"dateModified\":\"2025-08-25T15:51:00+00:00\",\"breadcrumb\":{\"@id\":\"https:\\\/\\\/ecrevisse-wissembourg.com\\\/index.php\\\/de\\\/datenschutzerklarung\\\/#breadcrumb\"},\"inLanguage\":\"fr-FR\",\"potentialAction\":[{\"@type\":\"ReadAction\",\"target\":[\"https:\\\/\\\/ecrevisse-wissembourg.com\\\/index.php\\\/de\\\/datenschutzerklarung\\\/\"]}]},{\"@type\":\"BreadcrumbList\",\"@id\":\"https:\\\/\\\/ecrevisse-wissembourg.com\\\/index.php\\\/de\\\/datenschutzerklarung\\\/#breadcrumb\",\"itemListElement\":[{\"@type\":\"ListItem\",\"position\":1,\"name\":\"Accueil\",\"item\":\"https:\\\/\\\/ecrevisse-wissembourg.com\\\/\"},{\"@type\":\"ListItem\",\"position\":2,\"name\":\"Datenschutzerkl\u00e4rung\"}]},{\"@type\":\"WebSite\",\"@id\":\"https:\\\/\\\/ecrevisse-wissembourg.com\\\/#website\",\"url\":\"https:\\\/\\\/ecrevisse-wissembourg.com\\\/\",\"name\":\"H\u00f4tel \u00c9crevisse\",\"description\":\"\",\"publisher\":{\"@id\":\"https:\\\/\\\/ecrevisse-wissembourg.com\\\/#organization\"},\"potentialAction\":[{\"@type\":\"SearchAction\",\"target\":{\"@type\":\"EntryPoint\",\"urlTemplate\":\"https:\\\/\\\/ecrevisse-wissembourg.com\\\/?s={search_term_string}\"},\"query-input\":{\"@type\":\"PropertyValueSpecification\",\"valueRequired\":true,\"valueName\":\"search_term_string\"}}],\"inLanguage\":\"fr-FR\"},{\"@type\":\"Organization\",\"@id\":\"https:\\\/\\\/ecrevisse-wissembourg.com\\\/#organization\",\"name\":\"H\u00f4tel \u00c9crevisse\",\"alternateName\":\"\u00c9crevisse\",\"url\":\"https:\\\/\\\/ecrevisse-wissembourg.com\\\/\",\"logo\":{\"@type\":\"ImageObject\",\"inLanguage\":\"fr-FR\",\"@id\":\"https:\\\/\\\/ecrevisse-wissembourg.com\\\/#\\\/schema\\\/logo\\\/image\\\/\",\"url\":\"https:\\\/\\\/ecrevisse-wissembourg.com\\\/wp-content\\\/uploads\\\/2025\\\/06\\\/Ecrevisse-1.png\",\"contentUrl\":\"https:\\\/\\\/ecrevisse-wissembourg.com\\\/wp-content\\\/uploads\\\/2025\\\/06\\\/Ecrevisse-1.png\",\"width\":513,\"height\":117,\"caption\":\"H\u00f4tel \u00c9crevisse\"},\"image\":{\"@id\":\"https:\\\/\\\/ecrevisse-wissembourg.com\\\/#\\\/schema\\\/logo\\\/image\\\/\"}}]}<\/script>\n<!-- \/ Yoast SEO plugin. -->","yoast_head_json":{"title":"Datenschutzerkl\u00e4rung - L&#039;\u00c9crevisse","robots":{"index":"index","follow":"follow","max-snippet":"max-snippet:-1","max-image-preview":"max-image-preview:large","max-video-preview":"max-video-preview:-1"},"canonical":"https:\/\/ecrevisse-wissembourg.com\/index.php\/de\/datenschutzerklarung\/","og_locale":"fr_FR","og_type":"article","og_title":"Datenschutzerkl\u00e4rung - L&#039;\u00c9crevisse","og_description":"Datenschutzerkl\u00e4rung 1. Einleitung Das Unternehmen \u00c9crevisse legt gro\u00dfen Wert auf den Schutz der Privatsph\u00e4re seiner Kunden und Besucher. Diese Datenschutzerkl\u00e4rung soll Sie klar dar\u00fcber informieren, wie Ihre personenbezogenen Daten erfasst, verwendet, gespeichert und gesch\u00fctzt werden, wenn Sie unsere Website besuchen oder mit unseren Diensten interagieren. 2. Identit\u00e4t des Verantwortlichen \u00a0 Die personenbezogenen Daten werden von [&hellip;]","og_url":"https:\/\/ecrevisse-wissembourg.com\/index.php\/de\/datenschutzerklarung\/","og_site_name":"L&#039;\u00c9crevisse","article_modified_time":"2025-08-25T15:51:00+00:00","twitter_card":"summary_large_image","twitter_misc":{"Dur\u00e9e de lecture estim\u00e9e":"4 minutes"},"schema":{"@context":"https:\/\/schema.org","@graph":[{"@type":"WebPage","@id":"https:\/\/ecrevisse-wissembourg.com\/index.php\/de\/datenschutzerklarung\/","url":"https:\/\/ecrevisse-wissembourg.com\/index.php\/de\/datenschutzerklarung\/","name":"Datenschutzerkl\u00e4rung - L&#039;\u00c9crevisse","isPartOf":{"@id":"https:\/\/ecrevisse-wissembourg.com\/#website"},"datePublished":"2025-07-31T09:44:34+00:00","dateModified":"2025-08-25T15:51:00+00:00","breadcrumb":{"@id":"https:\/\/ecrevisse-wissembourg.com\/index.php\/de\/datenschutzerklarung\/#breadcrumb"},"inLanguage":"fr-FR","potentialAction":[{"@type":"ReadAction","target":["https:\/\/ecrevisse-wissembourg.com\/index.php\/de\/datenschutzerklarung\/"]}]},{"@type":"BreadcrumbList","@id":"https:\/\/ecrevisse-wissembourg.com\/index.php\/de\/datenschutzerklarung\/#breadcrumb","itemListElement":[{"@type":"ListItem","position":1,"name":"Accueil","item":"https:\/\/ecrevisse-wissembourg.com\/"},{"@type":"ListItem","position":2,"name":"Datenschutzerkl\u00e4rung"}]},{"@type":"WebSite","@id":"https:\/\/ecrevisse-wissembourg.com\/#website","url":"https:\/\/ecrevisse-wissembourg.com\/","name":"H\u00f4tel \u00c9crevisse","description":"","publisher":{"@id":"https:\/\/ecrevisse-wissembourg.com\/#organization"},"potentialAction":[{"@type":"SearchAction","target":{"@type":"EntryPoint","urlTemplate":"https:\/\/ecrevisse-wissembourg.com\/?s={search_term_string}"},"query-input":{"@type":"PropertyValueSpecification","valueRequired":true,"valueName":"search_term_string"}}],"inLanguage":"fr-FR"},{"@type":"Organization","@id":"https:\/\/ecrevisse-wissembourg.com\/#organization","name":"H\u00f4tel \u00c9crevisse","alternateName":"\u00c9crevisse","url":"https:\/\/ecrevisse-wissembourg.com\/","logo":{"@type":"ImageObject","inLanguage":"fr-FR","@id":"https:\/\/ecrevisse-wissembourg.com\/#\/schema\/logo\/image\/","url":"https:\/\/ecrevisse-wissembourg.com\/wp-content\/uploads\/2025\/06\/Ecrevisse-1.png","contentUrl":"https:\/\/ecrevisse-wissembourg.com\/wp-content\/uploads\/2025\/06\/Ecrevisse-1.png","width":513,"height":117,"caption":"H\u00f4tel \u00c9crevisse"},"image":{"@id":"https:\/\/ecrevisse-wissembourg.com\/#\/schema\/logo\/image\/"}}]}},"tpgb_featured_images":null,"tpgb_post_meta_info":{"get_date":"31 juillet 2025","get_modified_date":"25 ao\u00fbt 2025","author_name":"admin","author_url":"https:\/\/ecrevisse-wissembourg.com\/index.php\/author\/admin\/","author_email":"26matt.09@gmail.com","author_website":"https:\/\/ecrevisse-wissembourg.com\/","author_description":"","author_facebook":"","author_twitter":"","author_instagram":"","author_role":["administrator"],"author_firstname":"","author_lastname":"","user_login":"admin","author_avatar":"<img alt='' src='https:\/\/secure.gravatar.com\/avatar\/c1541f9bd026027cdc59818f3be1173fcde3540409c3d7136bcb4ca19fedecef?s=200&#038;d=mm&#038;r=g' srcset='https:\/\/secure.gravatar.com\/avatar\/c1541f9bd026027cdc59818f3be1173fcde3540409c3d7136bcb4ca19fedecef?s=400&#038;d=mm&#038;r=g 2x' class='avatar avatar-200 photo' height='200' width='200' decoding='async'\/>","author_avatar_url":"https:\/\/secure.gravatar.com\/avatar\/c1541f9bd026027cdc59818f3be1173fcde3540409c3d7136bcb4ca19fedecef?s=96&d=mm&r=g","comment_count":0,"post_likes":0,"post_views":0},"tpgb_post_category":[],"_links":{"self":[{"href":"https:\/\/ecrevisse-wissembourg.com\/index.php\/wp-json\/wp\/v2\/pages\/1753","targetHints":{"allow":["GET"]}}],"collection":[{"href":"https:\/\/ecrevisse-wissembourg.com\/index.php\/wp-json\/wp\/v2\/pages"}],"about":[{"href":"https:\/\/ecrevisse-wissembourg.com\/index.php\/wp-json\/wp\/v2\/types\/page"}],"author":[{"embeddable":true,"href":"https:\/\/ecrevisse-wissembourg.com\/index.php\/wp-json\/wp\/v2\/users\/1"}],"replies":[{"embeddable":true,"href":"https:\/\/ecrevisse-wissembourg.com\/index.php\/wp-json\/wp\/v2\/comments?post=1753"}],"version-history":[{"count":7,"href":"https:\/\/ecrevisse-wissembourg.com\/index.php\/wp-json\/wp\/v2\/pages\/1753\/revisions"}],"predecessor-version":[{"id":2270,"href":"https:\/\/ecrevisse-wissembourg.com\/index.php\/wp-json\/wp\/v2\/pages\/1753\/revisions\/2270"}],"wp:attachment":[{"href":"https:\/\/ecrevisse-wissembourg.com\/index.php\/wp-json\/wp\/v2\/media?parent=1753"}],"curies":[{"name":"wp","href":"https:\/\/api.w.org\/{rel}","templated":true}]}}